{"id":174,"date":"2022-03-24T19:08:57","date_gmt":"2022-03-24T17:08:57","guid":{"rendered":"https:\/\/clairessweetbowtique.com\/?post_type=product&#038;p=174"},"modified":"2024-10-03T16:48:36","modified_gmt":"2024-10-03T14:48:36","slug":"forget-me-not-bracelet-2","status":"publish","type":"product","link":"https:\/\/clairessweetbowtique.com\/index.php\/tuote\/forget-me-not-bracelet-2\/","title":{"rendered":"FORGET-ME-NOT ADJUSTABLE BRACELET"},"content":{"rendered":"<p>Kukkahartsirannekoru puristetuilla aidoilla sinisill\u00e4 Lemmikki-kukilla. S\u00e4\u00e4dett\u00e4v\u00e4 rannekoru on valmistettu hypoallergeenisesta ruostumattomasta ter\u00e4ksest\u00e4 ja on mukava k\u00e4ytt\u00e4\u00e4. Rannekoru on kevyt.<\/p>\n<p style=\"text-align: center\">\ud83c\uddec\ud83c\udde7<\/p>\n<p>Flower resin bracelet with pressed blue Forget me not real flowers. Adjustable bracelet is made of hypoallergenic stainless steel and comfortable to wear.\u00a0 Bracelet is lightweight.<\/p>\n","protected":false},"excerpt":{"rendered":"<p>Lemmikki-kukka symboloi rakkautta, yst\u00e4vyytt\u00e4 ja muistoja. Todellinen, merkityksellinen lahja ikuisesti s\u00e4ilytett\u00e4v\u00e4ksi. T\u00e4ydellinen lahja itsellesi tai jollekulle, jota rakastat.<\/p>\n<p style=\"text-align: center\">\ud83c\uddec\ud83c\udde7<\/p>\n<p>Forget me not flower symbolized love, friendship and memories. A real meaningful gift to treasure forever. Perfect gift for yourself or to someone you treasure.<\/p>\n","protected":false},"featured_media":173,"template":"","meta":[],"product_brand":[],"product_cat":[30],"product_tag":[],"class_list":{"0":"post-174","1":"product","2":"type-product","3":"status-publish","4":"has-post-thumbnail","6":"product_cat-resin-jewellery","8":"first","9":"outofstock","10":"taxable","11":"shipping-taxable","12":"purchasable","13":"product-type-simple"},"_links":{"self":[{"href":"https:\/\/clairessweetbowtique.com\/index.php\/wp-json\/wp\/v2\/product\/174","targetHints":{"allow":["GET"]}}],"collection":[{"href":"https:\/\/clairessweetbowtique.com\/index.php\/wp-json\/wp\/v2\/product"}],"about":[{"href":"https:\/\/clairessweetbowtique.com\/index.php\/wp-json\/wp\/v2\/types\/product"}],"wp:featuredmedia":[{"embeddable":true,"href":"https:\/\/clairessweetbowtique.com\/index.php\/wp-json\/wp\/v2\/media\/173"}],"wp:attachment":[{"href":"https:\/\/clairessweetbowtique.com\/index.php\/wp-json\/wp\/v2\/media?parent=174"}],"wp:term":[{"taxonomy":"product_brand","embeddable":true,"href":"https:\/\/clairessweetbowtique.com\/index.php\/wp-json\/wp\/v2\/product_brand?post=174"},{"taxonomy":"product_cat","embeddable":true,"href":"https:\/\/clairessweetbowtique.com\/index.php\/wp-json\/wp\/v2\/product_cat?post=174"},{"taxonomy":"product_tag","embeddable":true,"href":"https:\/\/clairessweetbowtique.com\/index.php\/wp-json\/wp\/v2\/product_tag?post=174"}],"curies":[{"name":"wp","href":"https:\/\/api.w.org\/{rel}","templated":true}]}}