{"id":353,"date":"2022-04-12T10:02:01","date_gmt":"2022-04-12T08:02:01","guid":{"rendered":"https:\/\/clairessweetbowtique.com\/?post_type=product&#038;p=353"},"modified":"2022-04-12T12:37:27","modified_gmt":"2022-04-12T10:37:27","slug":"beautiful-keepsake-forget-me-not-pendant","status":"publish","type":"product","link":"https:\/\/clairessweetbowtique.com\/index.php\/tuote\/beautiful-keepsake-forget-me-not-pendant\/","title":{"rendered":"Beautiful Keepsake Forget me not Pendant"},"content":{"rendered":"<p>Mittatilausty\u00f6n\u00e4 valmistettu riipus rakkaasi hiuksilla: vauvan hiukset, \u00e4idin hiukset ja my\u00f6s lemmikkikarvasi. T\u00e4m\u00e4 on kaunis tapa s\u00e4ilytt\u00e4\u00e4 muistoja. Riipuksen muodon voit valita (Syd\u00e4n tai Py\u00f6re\u00e4 muoto)<\/p>\n<p>Ohjeet: Ennen kuin tilaat, l\u00e4het\u00e4 meille ensin s\u00e4hk\u00f6postiviesti shop@clairessweetbowtique.com, lis\u00e4\u00e4 tiedot haluamastasi riipuksen muodosta. Vastaamme mahdollisimman pian vahvistaaksemme tilauksesi ja sitten voit tehd\u00e4 tilauksen (lis\u00e4\u00e4 t\u00e4m\u00e4 ostoskoriin ja maksa).<\/p>\n<p>Miten se toimii? L\u00e4het\u00e4 2-3 cm pitk\u00e4 hius pakattuna puhtaaseen kuivaan muovipussukkaan (l\u00e4het\u00e4 kaksinkertainen m\u00e4\u00e4r\u00e4, jonka haluat riipukseen, jos tarvitsee yritt\u00e4\u00e4 uudestaan) ja laita se kirjekuoren sis\u00e4lle ja l\u00e4het\u00e4 meille. Kun olemme saaneet hiukset. Valmistamme korun huolellisesti ja l\u00e4het\u00e4mme sinulle kuvan valmiista riipuksesta.<\/p>\n<p>Kauanko se kest\u00e4\u00e4? Kun olemme saaneet hiukset, riipuksen valmistaminen vie noin 14 ty\u00f6p\u00e4iv\u00e4\u00e4 + toimitusaika 3-5 ty\u00f6p\u00e4iv\u00e4\u00e4. Jos tarvitset riipusta aikaisemmin, voit ilmoittaa meille p\u00e4iv\u00e4m\u00e4\u00e4r\u00e4n ja ilmoitamme sinulle, jos se on mahdollista.<\/p>\n<p>Voit vapaasti l\u00e4hett\u00e4\u00e4 meille s\u00e4hk\u00f6postia, jos sinulla on kysytt\u00e4v\u00e4\u00e4. Autamme mielell\u00e4mme sinua!<\/p>\n<p>(Kaulakoru ei sis\u00e4lly pakkaukseen)<\/p>\n<p style=\"text-align: center;\">\ud83c\uddec\ud83c\udde7<\/p>\n<p>Custom made pendant with your loved one&#8217;s hair: baby hair, mother hair and also your pet hair. This is a beautiful way to preserve memories. Pendant shape can be customized as you wish (choose Heart or Round Shape)<\/p>\n<p>Instructions: Before you order please send us an email first on shop@clairessweetbowtique.com, add the information about what shape of the pendant you want. We will answer as soon as possible to confirm your order and then you can place your order.<\/p>\n<p>How it works? Send a strain of hair 2-3cm long in a clean dry plastic bag (please send double the amount you would like to have in the pendant, in case a second attempt is needed) inside your envelope. After we receive the hair. We will carefully embed it and send you the image of the finished pendant.<\/p>\n<p>How long does it take? After we receive the hair, it takes about 14 workdays to finish the pendant + shipping time 3-5 workdays. In case you need the pendant earlier you can inform us of the date and we will inform you if it&#8217;s possible.<\/p>\n<p>Feel free to send us an email if you have any questions. We are happy to help you!<\/p>\n<p>(The necklace is not included)<\/p>\n","protected":false},"excerpt":{"rendered":"<p>Kaunis Keepsake Forget me not riipus 925 aitoa hopeaa, kaunein ja ainutlaatuisin tapa s\u00e4ilytt\u00e4\u00e4 muistoja rakkaistasi.<\/p>\n<p>Riipus on valmistettu korkealaatuisesta hartsista ja aidosta kuivatusta Lemmikki kukasta (Lemmikki symboloi todellista rakkautta ja kunnioitusta, se edustaa lupausta, ett\u00e4 muistat heid\u00e4t aina ja pid\u00e4t heid\u00e4t ajatuksissasi \/ syd\u00e4mess\u00e4si. Pidet\u00e4\u00e4n my\u00f6s uskollisuuden ja uskollisuuden symbolina).<\/p>\n<p style=\"text-align: center;\">\ud83c\uddec\ud83c\udde7<\/p>\n<p>Beautiful Keepsake Forget me not Pendant 925 Sterling Silver the most beautiful and unique way to preserve memories of your loved ones.<\/p>\n<p>The pendant is made from high quality Resin and with real dried Forget me not flower (Forget me not symbolize true love and respect, it represents a promise that you will always remember them and will keep them in your thoughts\/heart. Also considered a symbol of fidelity and faithfulness).<\/p>\n","protected":false},"featured_media":356,"template":"","meta":[],"product_brand":[],"product_cat":[35],"product_tag":[],"class_list":{"0":"post-353","1":"product","2":"type-product","3":"status-publish","4":"has-post-thumbnail","6":"product_cat-custom-order","8":"first","9":"instock","10":"taxable","11":"shipping-taxable","12":"purchasable","13":"product-type-simple"},"_links":{"self":[{"href":"https:\/\/clairessweetbowtique.com\/index.php\/wp-json\/wp\/v2\/product\/353","targetHints":{"allow":["GET"]}}],"collection":[{"href":"https:\/\/clairessweetbowtique.com\/index.php\/wp-json\/wp\/v2\/product"}],"about":[{"href":"https:\/\/clairessweetbowtique.com\/index.php\/wp-json\/wp\/v2\/types\/product"}],"wp:featuredmedia":[{"embeddable":true,"href":"https:\/\/clairessweetbowtique.com\/index.php\/wp-json\/wp\/v2\/media\/356"}],"wp:attachment":[{"href":"https:\/\/clairessweetbowtique.com\/index.php\/wp-json\/wp\/v2\/media?parent=353"}],"wp:term":[{"taxonomy":"product_brand","embeddable":true,"href":"https:\/\/clairessweetbowtique.com\/index.php\/wp-json\/wp\/v2\/product_brand?post=353"},{"taxonomy":"product_cat","embeddable":true,"href":"https:\/\/clairessweetbowtique.com\/index.php\/wp-json\/wp\/v2\/product_cat?post=353"},{"taxonomy":"product_tag","embeddable":true,"href":"https:\/\/clairessweetbowtique.com\/index.php\/wp-json\/wp\/v2\/product_tag?post=353"}],"curies":[{"name":"wp","href":"https:\/\/api.w.org\/{rel}","templated":true}]}}