{"id":398,"date":"2022-04-21T14:40:29","date_gmt":"2022-04-21T12:40:29","guid":{"rendered":"https:\/\/clairessweetbowtique.com\/?post_type=product&#038;p=398"},"modified":"2023-01-16T11:46:47","modified_gmt":"2023-01-16T09:46:47","slug":"daisy-bookmark","status":"publish","type":"product","link":"https:\/\/clairessweetbowtique.com\/index.php\/tuote\/daisy-bookmark\/","title":{"rendered":"Daisy Bookmark"},"content":{"rendered":"<p>P\u00e4iv\u00e4nkakkara Kirjanmerkki, hartsista, joka on valmistettu kullan v\u00e4risist\u00e4 hiutaleista, aidosta kuivatusta p\u00e4iv\u00e4nkakkarakukkasta ja muutamasta aidosta kuivatusta vihre\u00e4st\u00e4 ter\u00e4lehdest\u00e4. Jokainen kirjanmerkki on ainutlaatuinen. Kirjanmerkki on 13,5 cm pitk\u00e4<\/p>\n<p>Huom. kuvan nauhassa on saatavuusongelmia, korvataan samanv\u00e4risell\u00e4 punoksella. Kuva siit\u00e4 on tulossa.<\/p>\n<p style=\"text-align: center;\">\ud83c\uddec\ud83c\udde7<\/p>\n<p>Daisy Resin Bookmark made with\u00a0 real dried daisy flower and few green petals.\u00a0 Added with imitation gold flakes decorative foil. Each bookmark is one of a kind. Bookmark is 13.5cm long<\/p>\n<p>Notice! ribbon in picture is not available, product will have other style ribbon with same color. Picture will be here soon.<\/p>\n<p>&nbsp;<\/p>\n","protected":false},"excerpt":{"rendered":"<p>Kauniit kirjanmerkit ovat t\u00e4ydellinen lahja kirjojen ja luonnon yst\u00e4ville.<\/p>\n<p style=\"text-align: center;\">\ud83c\uddec\ud83c\udde7<\/p>\n<p>Beautiful bookmarks are a perfect gift for book and nature lovers.<\/p>\n","protected":false},"featured_media":396,"template":"","meta":[],"product_brand":[],"product_cat":[36],"product_tag":[],"class_list":{"0":"post-398","1":"product","2":"type-product","3":"status-publish","4":"has-post-thumbnail","6":"product_cat-resin-floral-bookmark","8":"first","9":"onbackorder","10":"taxable","11":"shipping-taxable","12":"purchasable","13":"product-type-simple"},"_links":{"self":[{"href":"https:\/\/clairessweetbowtique.com\/index.php\/wp-json\/wp\/v2\/product\/398","targetHints":{"allow":["GET"]}}],"collection":[{"href":"https:\/\/clairessweetbowtique.com\/index.php\/wp-json\/wp\/v2\/product"}],"about":[{"href":"https:\/\/clairessweetbowtique.com\/index.php\/wp-json\/wp\/v2\/types\/product"}],"wp:featuredmedia":[{"embeddable":true,"href":"https:\/\/clairessweetbowtique.com\/index.php\/wp-json\/wp\/v2\/media\/396"}],"wp:attachment":[{"href":"https:\/\/clairessweetbowtique.com\/index.php\/wp-json\/wp\/v2\/media?parent=398"}],"wp:term":[{"taxonomy":"product_brand","embeddable":true,"href":"https:\/\/clairessweetbowtique.com\/index.php\/wp-json\/wp\/v2\/product_brand?post=398"},{"taxonomy":"product_cat","embeddable":true,"href":"https:\/\/clairessweetbowtique.com\/index.php\/wp-json\/wp\/v2\/product_cat?post=398"},{"taxonomy":"product_tag","embeddable":true,"href":"https:\/\/clairessweetbowtique.com\/index.php\/wp-json\/wp\/v2\/product_tag?post=398"}],"curies":[{"name":"wp","href":"https:\/\/api.w.org\/{rel}","templated":true}]}}