{"id":460,"date":"2022-04-30T08:45:51","date_gmt":"2022-04-30T06:45:51","guid":{"rendered":"https:\/\/clairessweetbowtique.com\/?post_type=product&#038;p=460"},"modified":"2024-01-19T09:47:52","modified_gmt":"2024-01-19T07:47:52","slug":"forest-strawberry-hair-clips","status":"publish","type":"product","link":"https:\/\/clairessweetbowtique.com\/index.php\/tuote\/forest-strawberry-hair-clips\/","title":{"rendered":"Forest Strawberry Hair Clips"},"content":{"rendered":"<p>Hair clip is made from real dried forest strawberry and sealed with high quality uv resin.<\/p>\n<p>Hair pin: Metal type is copper, Metal color is Platinum and size 12mm<\/p>\n<p>2 piece Hair Clip<\/p>\n","protected":false},"excerpt":{"rendered":"<p>Hiuspinni on valmistettu aidosta kuivatusta mets\u00e4mansikasta ja p\u00e4\u00e4llystetty korkealaatuisella UV-hartsilla.<\/p>\n<p>Hiuspinni: metallin tyyppi on kupari, metallin v\u00e4ri on platina ja koko 12mm<\/p>\n<p>2-osainen hiuspinni<\/p>\n<p style=\"text-align: center\">EN<\/p>\n<p>These vintage style forest strawberry hair clip are wonderful way to bring a little extra colour to your outfit for everyday.<\/p>\n<p>Forest strawberry is a perfect gift for nature lover, so cute and unique.<\/p>\n","protected":false},"featured_media":461,"template":"","meta":[],"product_brand":[],"product_cat":[37],"product_tag":[],"class_list":{"0":"post-460","1":"product","2":"type-product","3":"status-publish","4":"has-post-thumbnail","6":"product_cat-hair-clip","8":"first","9":"outofstock","10":"taxable","11":"shipping-taxable","12":"purchasable","13":"product-type-simple"},"_links":{"self":[{"href":"https:\/\/clairessweetbowtique.com\/index.php\/wp-json\/wp\/v2\/product\/460","targetHints":{"allow":["GET"]}}],"collection":[{"href":"https:\/\/clairessweetbowtique.com\/index.php\/wp-json\/wp\/v2\/product"}],"about":[{"href":"https:\/\/clairessweetbowtique.com\/index.php\/wp-json\/wp\/v2\/types\/product"}],"wp:featuredmedia":[{"embeddable":true,"href":"https:\/\/clairessweetbowtique.com\/index.php\/wp-json\/wp\/v2\/media\/461"}],"wp:attachment":[{"href":"https:\/\/clairessweetbowtique.com\/index.php\/wp-json\/wp\/v2\/media?parent=460"}],"wp:term":[{"taxonomy":"product_brand","embeddable":true,"href":"https:\/\/clairessweetbowtique.com\/index.php\/wp-json\/wp\/v2\/product_brand?post=460"},{"taxonomy":"product_cat","embeddable":true,"href":"https:\/\/clairessweetbowtique.com\/index.php\/wp-json\/wp\/v2\/product_cat?post=460"},{"taxonomy":"product_tag","embeddable":true,"href":"https:\/\/clairessweetbowtique.com\/index.php\/wp-json\/wp\/v2\/product_tag?post=460"}],"curies":[{"name":"wp","href":"https:\/\/api.w.org\/{rel}","templated":true}]}}