{"id":572,"date":"2022-06-09T18:58:35","date_gmt":"2022-06-09T16:58:35","guid":{"rendered":"https:\/\/clairessweetbowtique.com\/?post_type=product&#038;p=572"},"modified":"2022-09-30T08:03:50","modified_gmt":"2022-09-30T06:03:50","slug":"white-forget-me-not-stud-earrings","status":"publish","type":"product","link":"https:\/\/clairessweetbowtique.com\/index.php\/tuote\/white-forget-me-not-stud-earrings\/","title":{"rendered":"WHITE FORGET ME NOT STUD EARRINGS"},"content":{"rendered":"<p>Aito kuivattu valkoinen Lemmikkikukka, p\u00e4\u00e4llystetty laadukkaalla UV-hartsilla. Nasta 925 aitoa hopeaa.<\/p>\n<p style=\"text-align: center\">ENG<\/p>\n<p>Real dried white forget me not flower covered by highly UV Resin. 925 Sterling Silver Stud<\/p>\n<p>&nbsp;<\/p>\n","protected":false},"excerpt":{"rendered":"<p>Lemmikkikukkia, jotka symboloivat tosirakkautta ja kunnioitusta. Kun annat jollekin n\u00e4m\u00e4 pienet kukat, se edustaa lupausta, ett\u00e4 muistat heid\u00e4t aina ja pid\u00e4t heid\u00e4t ajatuksissasi.<\/p>\n<p style=\"text-align: center\">ENG<\/p>\n<p>Forget me not flowers symbolize True Love and Respect. When you give someone these tiny blooms, it represents a promise that you will always remember them and will keep them in your thoughts.<\/p>\n","protected":false},"featured_media":575,"template":"","meta":[],"product_brand":[],"product_cat":[34],"product_tag":[],"class_list":{"0":"post-572","1":"product","2":"type-product","3":"status-publish","4":"has-post-thumbnail","6":"product_cat-925-sterling-silver-jewellery","8":"first","9":"outofstock","10":"taxable","11":"shipping-taxable","12":"purchasable","13":"product-type-simple"},"_links":{"self":[{"href":"https:\/\/clairessweetbowtique.com\/index.php\/wp-json\/wp\/v2\/product\/572","targetHints":{"allow":["GET"]}}],"collection":[{"href":"https:\/\/clairessweetbowtique.com\/index.php\/wp-json\/wp\/v2\/product"}],"about":[{"href":"https:\/\/clairessweetbowtique.com\/index.php\/wp-json\/wp\/v2\/types\/product"}],"wp:featuredmedia":[{"embeddable":true,"href":"https:\/\/clairessweetbowtique.com\/index.php\/wp-json\/wp\/v2\/media\/575"}],"wp:attachment":[{"href":"https:\/\/clairessweetbowtique.com\/index.php\/wp-json\/wp\/v2\/media?parent=572"}],"wp:term":[{"taxonomy":"product_brand","embeddable":true,"href":"https:\/\/clairessweetbowtique.com\/index.php\/wp-json\/wp\/v2\/product_brand?post=572"},{"taxonomy":"product_cat","embeddable":true,"href":"https:\/\/clairessweetbowtique.com\/index.php\/wp-json\/wp\/v2\/product_cat?post=572"},{"taxonomy":"product_tag","embeddable":true,"href":"https:\/\/clairessweetbowtique.com\/index.php\/wp-json\/wp\/v2\/product_tag?post=572"}],"curies":[{"name":"wp","href":"https:\/\/api.w.org\/{rel}","templated":true}]}}