{"id":580,"date":"2022-06-09T18:57:49","date_gmt":"2022-06-09T16:57:49","guid":{"rendered":"https:\/\/clairessweetbowtique.com\/?post_type=product&#038;p=580"},"modified":"2022-09-30T08:28:34","modified_gmt":"2022-09-30T06:28:34","slug":"blue-yellow-pansy-dangle-earrings","status":"publish","type":"product","link":"https:\/\/clairessweetbowtique.com\/index.php\/tuote\/blue-yellow-pansy-dangle-earrings\/","title":{"rendered":"BLUE YELLOW PANSY DANGLE EARRINGS"},"content":{"rendered":"<p>Aito kuivattu sininen, keltainen Orvokki 1,5cm py\u00f6re\u00e4n hartsin sis\u00e4ll\u00e4. Roikkuva korvakoru 925 aitoa hopeaa.<\/p>\n<p style=\"text-align: center\">ENG<\/p>\n<p>Real dried blue yellow pansy inside 1,5cm round resin, and with 925 sterling silver dangle earrings.<\/p>\n<p>&nbsp;<\/p>\n","protected":false},"excerpt":{"rendered":"<p>Sinisten Orvokkien merkitys liittyy usein rehellisyyteen ja omistautumiseen. Siniset Orvokit tekev\u00e4t lahjoista monipuolisia ja sopivat erinomaisesti kollegoille.<\/p>\n<p style=\"text-align: center\">ENG<\/p>\n<p>The meaning of blue pansies is often associated with honesty and devotion.\u00a0 Blue pansies make versatile gifts and are great for giving to colleagues.<\/p>\n","protected":false},"featured_media":581,"template":"","meta":[],"product_brand":[],"product_cat":[34],"product_tag":[],"class_list":{"0":"post-580","1":"product","2":"type-product","3":"status-publish","4":"has-post-thumbnail","6":"product_cat-925-sterling-silver-jewellery","8":"first","9":"outofstock","10":"taxable","11":"shipping-taxable","12":"purchasable","13":"product-type-simple"},"_links":{"self":[{"href":"https:\/\/clairessweetbowtique.com\/index.php\/wp-json\/wp\/v2\/product\/580","targetHints":{"allow":["GET"]}}],"collection":[{"href":"https:\/\/clairessweetbowtique.com\/index.php\/wp-json\/wp\/v2\/product"}],"about":[{"href":"https:\/\/clairessweetbowtique.com\/index.php\/wp-json\/wp\/v2\/types\/product"}],"wp:featuredmedia":[{"embeddable":true,"href":"https:\/\/clairessweetbowtique.com\/index.php\/wp-json\/wp\/v2\/media\/581"}],"wp:attachment":[{"href":"https:\/\/clairessweetbowtique.com\/index.php\/wp-json\/wp\/v2\/media?parent=580"}],"wp:term":[{"taxonomy":"product_brand","embeddable":true,"href":"https:\/\/clairessweetbowtique.com\/index.php\/wp-json\/wp\/v2\/product_brand?post=580"},{"taxonomy":"product_cat","embeddable":true,"href":"https:\/\/clairessweetbowtique.com\/index.php\/wp-json\/wp\/v2\/product_cat?post=580"},{"taxonomy":"product_tag","embeddable":true,"href":"https:\/\/clairessweetbowtique.com\/index.php\/wp-json\/wp\/v2\/product_tag?post=580"}],"curies":[{"name":"wp","href":"https:\/\/api.w.org\/{rel}","templated":true}]}}