{"id":697,"date":"2022-11-17T15:21:02","date_gmt":"2022-11-17T13:21:02","guid":{"rendered":"https:\/\/clairessweetbowtique.com\/?post_type=product&#038;p=697"},"modified":"2024-10-03T16:26:54","modified_gmt":"2024-10-03T14:26:54","slug":"midnight","status":"publish","type":"product","link":"https:\/\/clairessweetbowtique.com\/index.php\/tuote\/midnight\/","title":{"rendered":"Midnight"},"content":{"rendered":"<p>Ripaus maagista mets\u00e4\u00e4, joka her\u00e4tt\u00e4\u00e4 todellisen mets\u00e4n pienen sienen, mets\u00e4mansikan, Lemmikki kukan ja sammalleen. Se antaa maagisen n\u00e4kym\u00e4n. T\u00e4m\u00e4 korvakoru on todella ainutlaatuinen. N\u00e4m\u00e4 ovat my\u00f6s t\u00e4ydellisi\u00e4 lomalahjoja.<\/p>\n<p>Koukku on valmistettu 925 aidosta hopeakoukusta ja ovat mukava k\u00e4ytt\u00e4\u00e4.<\/p>\n<p>Paino on 3 g per korvakoru<\/p>\n<p>Soikea korvakorun korkeus on 3cm ja valmistettu hartsista<\/p>\n<p>ENG<\/p>\n<p>A touch of magical forest evoking with real forest tiny mushroom, natural red forest strawberry, forget me not flower and moss. It gives the magical look. This earring is a truly unique. These also make the perfect holiday gifts.<\/p>\n<p>The hook is made from 925 sterling silver hook and comfortable to wear.<\/p>\n<p>Weight is 3g each earring<\/p>\n<p>The Oval earring height is 3cm and made from resin<\/p>\n","protected":false},"excerpt":{"rendered":"<p>Midnight-korvakorut ovat yksi ainutlaatuisimmista korvakoruista ja t\u00e4ydellinen luonnonyst\u00e4v\u00e4n lahja.<br \/>\nN\u00e4m\u00e4 korvakorut vangitsivat maagisen pienen mets\u00e4maailman, jota voit kantaa mukanasi. Ainutlaatuinen aarre kanssamme.<\/p>\n<p>ENG<\/p>\n<p>Midnight earrings is one of the most unique earrings and a perfect nature lover&#8217;s gift.<\/p>\n<p>These earrings captured a magical little world of forest that you can carry with you. A unique treasure with us.<\/p>\n","protected":false},"featured_media":698,"template":"","meta":[],"product_brand":[],"product_cat":[34],"product_tag":[],"class_list":{"0":"post-697","1":"product","2":"type-product","3":"status-publish","4":"has-post-thumbnail","6":"product_cat-925-sterling-silver-jewellery","8":"first","9":"outofstock","10":"taxable","11":"shipping-taxable","12":"purchasable","13":"product-type-simple"},"_links":{"self":[{"href":"https:\/\/clairessweetbowtique.com\/index.php\/wp-json\/wp\/v2\/product\/697","targetHints":{"allow":["GET"]}}],"collection":[{"href":"https:\/\/clairessweetbowtique.com\/index.php\/wp-json\/wp\/v2\/product"}],"about":[{"href":"https:\/\/clairessweetbowtique.com\/index.php\/wp-json\/wp\/v2\/types\/product"}],"wp:featuredmedia":[{"embeddable":true,"href":"https:\/\/clairessweetbowtique.com\/index.php\/wp-json\/wp\/v2\/media\/698"}],"wp:attachment":[{"href":"https:\/\/clairessweetbowtique.com\/index.php\/wp-json\/wp\/v2\/media?parent=697"}],"wp:term":[{"taxonomy":"product_brand","embeddable":true,"href":"https:\/\/clairessweetbowtique.com\/index.php\/wp-json\/wp\/v2\/product_brand?post=697"},{"taxonomy":"product_cat","embeddable":true,"href":"https:\/\/clairessweetbowtique.com\/index.php\/wp-json\/wp\/v2\/product_cat?post=697"},{"taxonomy":"product_tag","embeddable":true,"href":"https:\/\/clairessweetbowtique.com\/index.php\/wp-json\/wp\/v2\/product_tag?post=697"}],"curies":[{"name":"wp","href":"https:\/\/api.w.org\/{rel}","templated":true}]}}