{"id":784,"date":"2023-09-04T11:23:30","date_gmt":"2023-09-04T09:23:30","guid":{"rendered":"https:\/\/clairessweetbowtique.com\/?post_type=product&#038;p=784"},"modified":"2023-09-04T16:38:52","modified_gmt":"2023-09-04T14:38:52","slug":"patrice","status":"publish","type":"product","link":"https:\/\/clairessweetbowtique.com\/index.php\/tuote\/patrice\/","title":{"rendered":"PATRICE"},"content":{"rendered":"<p>N\u00e4m\u00e4 py\u00f6re\u00e4t korvakorut on valmistettu aidoista kuivatuista Orvokin kukista ja p\u00e4\u00e4llystetty korkealaatuisella UV-hartsilla.<\/p>\n<p>N\u00e4m\u00e4 korvakorut on valmistettu 925 aidosta hopeasta<\/p>\n<p style=\"text-align: left;\">Paino 2g yksi korvakoru<\/p>\n<p>ENG<\/p>\n<p>These round stud earrings were made with real pressed dried Pansy Flower and sealed in high quality UV Resin.<\/p>\n<p>These Earrings are made from 925 Sterling Silver<\/p>\n<p>Weight is 2g each earrings<\/p>\n<p>&nbsp;<\/p>\n","protected":false},"excerpt":{"rendered":"<p>Orvokkia on useimmiten pidetty kuvastamaan rakkautta. Orvokin voi antaa l\u00e4hes kenelle tahansa, joka on l\u00e4hell\u00e4 syd\u00e4nt\u00e4si. Ideaali lahja \u00e4idille, kumppanille tai yst\u00e4v\u00e4lle. Se symboloi parhaiten l\u00e4himm\u00e4isen rakkautta.<\/p>\n<p style=\"text-align: center;\">Eng<\/p>\n<p>Most often, pansies are used to symbolize loving feelings. You can give a pansy flower to just about anyone whom you hold dear to your heart. The ideal gift for a mother, partner, or friend, it is best used as a symbol of platonic love.<\/p>\n<p>The beauty of pansies lies in the fact is that they can be given on any occasion.<\/p>\n","protected":false},"featured_media":785,"template":"","meta":[],"product_brand":[],"product_cat":[30],"product_tag":[],"class_list":{"0":"post-784","1":"product","2":"type-product","3":"status-publish","4":"has-post-thumbnail","6":"product_cat-resin-jewellery","8":"first","9":"instock","10":"taxable","11":"shipping-taxable","12":"purchasable","13":"product-type-simple"},"_links":{"self":[{"href":"https:\/\/clairessweetbowtique.com\/index.php\/wp-json\/wp\/v2\/product\/784","targetHints":{"allow":["GET"]}}],"collection":[{"href":"https:\/\/clairessweetbowtique.com\/index.php\/wp-json\/wp\/v2\/product"}],"about":[{"href":"https:\/\/clairessweetbowtique.com\/index.php\/wp-json\/wp\/v2\/types\/product"}],"wp:featuredmedia":[{"embeddable":true,"href":"https:\/\/clairessweetbowtique.com\/index.php\/wp-json\/wp\/v2\/media\/785"}],"wp:attachment":[{"href":"https:\/\/clairessweetbowtique.com\/index.php\/wp-json\/wp\/v2\/media?parent=784"}],"wp:term":[{"taxonomy":"product_brand","embeddable":true,"href":"https:\/\/clairessweetbowtique.com\/index.php\/wp-json\/wp\/v2\/product_brand?post=784"},{"taxonomy":"product_cat","embeddable":true,"href":"https:\/\/clairessweetbowtique.com\/index.php\/wp-json\/wp\/v2\/product_cat?post=784"},{"taxonomy":"product_tag","embeddable":true,"href":"https:\/\/clairessweetbowtique.com\/index.php\/wp-json\/wp\/v2\/product_tag?post=784"}],"curies":[{"name":"wp","href":"https:\/\/api.w.org\/{rel}","templated":true}]}}