{"id":797,"date":"2023-09-08T16:08:16","date_gmt":"2023-09-08T14:08:16","guid":{"rendered":"https:\/\/clairessweetbowtique.com\/?post_type=product&#038;p=797"},"modified":"2023-09-08T16:08:16","modified_gmt":"2023-09-08T14:08:16","slug":"layla","status":"publish","type":"product","link":"https:\/\/clairessweetbowtique.com\/index.php\/tuote\/layla\/","title":{"rendered":"LAYLA"},"content":{"rendered":"<p>Kauniit aidoista Lemmikkikukista ja hartsista valmistetut korvakorut. Lukittavat korvakorukoukut on valmistettu hypoallergeenisesta ruostumattomasta ter\u00e4ksest\u00e4. N\u00e4m\u00e4 korvakorut ovat kevyit\u00e4 ja mukavia k\u00e4ytt\u00e4\u00e4. Yksi koru painaa 2g.<\/p>\n<p style=\"text-align: center\">Eng<\/p>\n<p>Beautiful earrings made of resin and filled with real-pressed Forget me not\u00a0 Flowers. Lockable earring hooks are made of hypoallergenic stainless steel. These earrings are lightweight and comfortable to wear.<\/p>\n","protected":false},"excerpt":{"rendered":"<p>Korvakorut ovat kevyit\u00e4 ja mukavia k\u00e4ytt\u00e4\u00e4. Sininen Lemmikki tuo esille, kuinka kauniita kukat ovatkaan. T\u00e4ydellinen lahja rakkaillesi tai ihana aarre itsellesi.<\/p>\n<p>Lemmikki symboloi rakkautta, yst\u00e4vyytt\u00e4 ja muistoja. T\u00e4ydellinen lahja itsellesi ja rakkaillesi. Aidosti merkityksellinen lahja aarteeksi ikuisesti.<\/p>\n<p style=\"text-align: center\">Eng<\/p>\n<p>The blue forget me not really shows how beautiful the flowers are.<br \/>\nForget me not symbolized love, friendship and memories. Perfect gifts for yourself and loved ones. A real meaningful gift to treasure forever.<\/p>\n","protected":false},"featured_media":798,"template":"","meta":[],"product_brand":[],"product_cat":[30],"product_tag":[],"class_list":{"0":"post-797","1":"product","2":"type-product","3":"status-publish","4":"has-post-thumbnail","6":"product_cat-resin-jewellery","8":"first","9":"instock","10":"taxable","11":"shipping-taxable","12":"purchasable","13":"product-type-simple"},"_links":{"self":[{"href":"https:\/\/clairessweetbowtique.com\/index.php\/wp-json\/wp\/v2\/product\/797","targetHints":{"allow":["GET"]}}],"collection":[{"href":"https:\/\/clairessweetbowtique.com\/index.php\/wp-json\/wp\/v2\/product"}],"about":[{"href":"https:\/\/clairessweetbowtique.com\/index.php\/wp-json\/wp\/v2\/types\/product"}],"wp:featuredmedia":[{"embeddable":true,"href":"https:\/\/clairessweetbowtique.com\/index.php\/wp-json\/wp\/v2\/media\/798"}],"wp:attachment":[{"href":"https:\/\/clairessweetbowtique.com\/index.php\/wp-json\/wp\/v2\/media?parent=797"}],"wp:term":[{"taxonomy":"product_brand","embeddable":true,"href":"https:\/\/clairessweetbowtique.com\/index.php\/wp-json\/wp\/v2\/product_brand?post=797"},{"taxonomy":"product_cat","embeddable":true,"href":"https:\/\/clairessweetbowtique.com\/index.php\/wp-json\/wp\/v2\/product_cat?post=797"},{"taxonomy":"product_tag","embeddable":true,"href":"https:\/\/clairessweetbowtique.com\/index.php\/wp-json\/wp\/v2\/product_tag?post=797"}],"curies":[{"name":"wp","href":"https:\/\/api.w.org\/{rel}","templated":true}]}}